{"id":23,"date":"2016-12-10T21:58:47","date_gmt":"2016-12-10T21:58:47","guid":{"rendered":"http:\/\/new.tecnostainerozone.com\/?page_id=23"},"modified":"2017-05-03T12:43:07","modified_gmt":"2017-05-03T12:43:07","slug":"tenerife-for-rent","status":"publish","type":"page","link":"http:\/\/myhometenerife.com\/es\/properties\/tenerife-for-rent\/","title":{"rendered":"En Alquiler"},"content":{"rendered":"<p>[vc_row][vc_column]<div class=\"listing-layout property-grid inspiry-shortcode\"><div class=\"list-container clearfix\"><article class=\"property-item clearfix\">\n\n    <figure>\n        <a href=\"http:\/\/myhometenerife.com\/es\/property\/cv-ap-262-estrella-do-mar\/\">\n            <img loading=\"lazy\" decoding=\"async\" width=\"246\" height=\"162\" src=\"http:\/\/myhometenerife.com\/wp-content\/uploads\/2023\/09\/Estrella-Do-Mar-8-246x162.jpeg\" class=\"attachment-grid-view-image size-grid-view-image wp-post-image\" alt=\"\" \/>        <\/a>\n\n        <figcaption class=\"in-affitto\">Alquiler<\/figcaption>\n    <\/figure>\n\n\n    <h4><a href=\"http:\/\/myhometenerife.com\/es\/property\/cv-ap-262-estrella-do-mar\/\">[CV-AP-262] Estrella Do Mar<\/a><\/h4>\n    <p>En el edificio Estrella do Mar, hay disponible para&hellip; <a class=\"more-details\" href=\"http:\/\/myhometenerife.com\/es\/property\/cv-ap-262-estrella-do-mar\/\">M\u00e1s detalles<i class=\"fa fa-caret-right\"><\/i><\/a><\/p>\n    <\/article><article class=\"property-item clearfix\">\n\n    <figure>\n        <a href=\"http:\/\/myhometenerife.com\/es\/property\/al-182-apartment-1-bedroom-in-costa-adeje\/\">\n            <img loading=\"lazy\" decoding=\"async\" width=\"246\" height=\"162\" src=\"http:\/\/myhometenerife.com\/wp-content\/uploads\/2020\/11\/WhatsApp-Image-2020-11-11-at-11.26.58-246x162.jpeg\" class=\"attachment-grid-view-image size-grid-view-image wp-post-image\" alt=\"\" \/>        <\/a>\n\n        <figcaption class=\"in-affitto\">Alquiler<\/figcaption>\n    <\/figure>\n\n\n    <h4><a href=\"http:\/\/myhometenerife.com\/es\/property\/al-182-apartment-1-bedroom-in-costa-adeje\/\">[AL-182] Apartamento 1 Habitaci\u00f3n en Costa Adeje &#8211; ALQUILADO<\/a><\/h4>\n    <p>Se alquila luminoso apartamento en zona bien comunicada, con&hellip; <a class=\"more-details\" href=\"http:\/\/myhometenerife.com\/es\/property\/al-182-apartment-1-bedroom-in-costa-adeje\/\">M\u00e1s detalles<i class=\"fa fa-caret-right\"><\/i><\/a><\/p>\n    <\/article><article class=\"property-item clearfix\">\n\n    <figure>\n        <a href=\"http:\/\/myhometenerife.com\/es\/property\/al-176-studio-apartment-in-las-americas\/\">\n            <img loading=\"lazy\" decoding=\"async\" width=\"246\" height=\"162\" src=\"http:\/\/myhometenerife.com\/wp-content\/uploads\/2020\/09\/U.D.-8-246x162.jpeg\" class=\"attachment-grid-view-image size-grid-view-image wp-post-image\" alt=\"\" \/>        <\/a>\n\n        <figcaption class=\"in-affitto\">Alquiler<\/figcaption>\n    <\/figure>\n\n\n    <h4><a href=\"http:\/\/myhometenerife.com\/es\/property\/al-176-studio-apartment-in-las-americas\/\">[AL-176] Estudio &#8211; ALQUILER TUR\u00cdSTICO<\/a><\/h4>\n    <p>PARA TUS VACACIONES En excelente ubicaci\u00f3n, cerca de Playa&hellip; <a class=\"more-details\" href=\"http:\/\/myhometenerife.com\/es\/property\/al-176-studio-apartment-in-las-americas\/\">M\u00e1s detalles<i class=\"fa fa-caret-right\"><\/i><\/a><\/p>\n    <\/article><article class=\"property-item clearfix\">\n\n    <figure>\n        <a href=\"http:\/\/myhometenerife.com\/es\/property\/al-147-studio-apartment-in-los-cristianos\/\">\n            <img loading=\"lazy\" decoding=\"async\" width=\"246\" height=\"162\" src=\"http:\/\/myhometenerife.com\/wp-content\/uploads\/2019\/06\/WhatsApp-Image-2019-06-13-at-16.04.59-2-246x162.jpeg\" class=\"attachment-grid-view-image size-grid-view-image wp-post-image\" alt=\"\" \/>        <\/a>\n\n        <figcaption class=\"in-affitto\">Alquiler<\/figcaption>\n    <\/figure>\n\n\n    <h4><a href=\"http:\/\/myhometenerife.com\/es\/property\/al-147-studio-apartment-in-los-cristianos\/\">[AL-147] Estudio En Los Cristianos &#8211; ALQUILADO<\/a><\/h4>\n    <p>Se alquila apartamento de una habitaci\u00f3n, compuesto por sal\u00f3n,&hellip; <a class=\"more-details\" href=\"http:\/\/myhometenerife.com\/es\/property\/al-147-studio-apartment-in-los-cristianos\/\">M\u00e1s detalles<i class=\"fa fa-caret-right\"><\/i><\/a><\/p>\n    <\/article><article class=\"property-item clearfix\">\n\n    <figure>\n        <a href=\"http:\/\/myhometenerife.com\/es\/property\/las-america-piso-en-alquiler\/\">\n            <img loading=\"lazy\" decoding=\"async\" width=\"246\" height=\"162\" src=\"http:\/\/myhometenerife.com\/wp-content\/uploads\/2017\/03\/IMG-20160908-WA0004-246x162.jpg\" class=\"attachment-grid-view-image size-grid-view-image wp-post-image\" alt=\"\" \/>        <\/a>\n\n        <figcaption class=\"in-affitto\">Alquiler<\/figcaption>\n    <\/figure>\n\n\n    <h4><a href=\"http:\/\/myhometenerife.com\/es\/property\/las-america-piso-en-alquiler\/\">[AL-M02] Apartamento de 1 dormitorio en Las Am\u00e9ricas &#8211; ALQUILADO<\/a><\/h4>\n    <p>Se alquila apartamento de 1 habitaci\u00f3n, sal\u00f3n, cocina, ba\u00f1o&hellip; <a class=\"more-details\" href=\"http:\/\/myhometenerife.com\/es\/property\/las-america-piso-en-alquiler\/\">M\u00e1s detalles<i class=\"fa fa-caret-right\"><\/i><\/a><\/p>\n    <\/article><\/div><\/div>[\/vc_column][\/vc_row]<\/p>\n","protected":false},"excerpt":{"rendered":"<p>[vc_row][vc_column][\/vc_column][\/vc_row]<\/p>\n","protected":false},"author":3,"featured_media":0,"parent":21,"menu_order":0,"comment_status":"closed","ping_status":"closed","template":"","meta":{"footnotes":""},"_links":{"self":[{"href":"http:\/\/myhometenerife.com\/es\/wp-json\/wp\/v2\/pages\/23"}],"collection":[{"href":"http:\/\/myhometenerife.com\/es\/wp-json\/wp\/v2\/pages"}],"about":[{"href":"http:\/\/myhometenerife.com\/es\/wp-json\/wp\/v2\/types\/page"}],"author":[{"embeddable":true,"href":"http:\/\/myhometenerife.com\/es\/wp-json\/wp\/v2\/users\/3"}],"replies":[{"embeddable":true,"href":"http:\/\/myhometenerife.com\/es\/wp-json\/wp\/v2\/comments?post=23"}],"version-history":[{"count":4,"href":"http:\/\/myhometenerife.com\/es\/wp-json\/wp\/v2\/pages\/23\/revisions"}],"predecessor-version":[{"id":1600,"href":"http:\/\/myhometenerife.com\/es\/wp-json\/wp\/v2\/pages\/23\/revisions\/1600"}],"up":[{"embeddable":true,"href":"http:\/\/myhometenerife.com\/es\/wp-json\/wp\/v2\/pages\/21"}],"wp:attachment":[{"href":"http:\/\/myhometenerife.com\/es\/wp-json\/wp\/v2\/media?parent=23"}],"curies":[{"name":"wp","href":"https:\/\/api.w.org\/{rel}","templated":true}]}}

<p>[vc_row][vc_column]<div class="listing-layout property-grid inspiry-shortcode"><div class="list-container clearfix"><article class="property-item clearfix">

    <figure>
        <a href="http://myhometenerife.com/es/property/cv-ap-262-estrella-do-mar/">
            <img loading="lazy" decoding="async" width="246" height="162" src="http://myhometenerife.com/wp-content/uploads/2023/09/Estrella-Do-Mar-8-246x162.jpeg" class="attachment-grid-view-image size-grid-view-image wp-post-image" alt="" />        </a>

        <figcaption class="in-affitto">Alquiler</figcaption>
    </figure>


    <h4><a href="http://myhometenerife.com/es/property/cv-ap-262-estrella-do-mar/">[CV-AP-262] Estrella Do Mar</a></h4>
    <p>En el edificio Estrella do Mar, hay disponible para&hellip; <a class="more-details" href="http://myhometenerife.com/es/property/cv-ap-262-estrella-do-mar/">Más detalles<i class="fa fa-caret-right"></i></a></p>
    </article><article class="property-item clearfix">

    <figure>
        <a href="http://myhometenerife.com/es/property/al-182-apartment-1-bedroom-in-costa-adeje/">
            <img loading="lazy" decoding="async" width="246" height="162" src="http://myhometenerife.com/wp-content/uploads/2020/11/WhatsApp-Image-2020-11-11-at-11.26.58-246x162.jpeg" class="attachment-grid-view-image size-grid-view-image wp-post-image" alt="" />        </a>

        <figcaption class="in-affitto">Alquiler</figcaption>
    </figure>


    <h4><a href="http://myhometenerife.com/es/property/al-182-apartment-1-bedroom-in-costa-adeje/">[AL-182] Apartamento 1 Habitación en Costa Adeje &#8211; ALQUILADO</a></h4>
    <p>Se alquila luminoso apartamento en zona bien comunicada, con&hellip; <a class="more-details" href="http://myhometenerife.com/es/property/al-182-apartment-1-bedroom-in-costa-adeje/">Más detalles<i class="fa fa-caret-right"></i></a></p>
    </article><article class="property-item clearfix">

    <figure>
        <a href="http://myhometenerife.com/es/property/al-176-studio-apartment-in-las-americas/">
            <img loading="lazy" decoding="async" width="246" height="162" src="http://myhometenerife.com/wp-content/uploads/2020/09/U.D.-8-246x162.jpeg" class="attachment-grid-view-image size-grid-view-image wp-post-image" alt="" />        </a>

        <figcaption class="in-affitto">Alquiler</figcaption>
    </figure>


    <h4><a href="http://myhometenerife.com/es/property/al-176-studio-apartment-in-las-americas/">[AL-176] Estudio &#8211; ALQUILER TURÍSTICO</a></h4>
    <p>PARA TUS VACACIONES En excelente ubicación, cerca de Playa&hellip; <a class="more-details" href="http://myhometenerife.com/es/property/al-176-studio-apartment-in-las-americas/">Más detalles<i class="fa fa-caret-right"></i></a></p>
    </article><article class="property-item clearfix">

    <figure>
        <a href="http://myhometenerife.com/es/property/al-147-studio-apartment-in-los-cristianos/">
            <img loading="lazy" decoding="async" width="246" height="162" src="http://myhometenerife.com/wp-content/uploads/2019/06/WhatsApp-Image-2019-06-13-at-16.04.59-2-246x162.jpeg" class="attachment-grid-view-image size-grid-view-image wp-post-image" alt="" />        </a>

        <figcaption class="in-affitto">Alquiler</figcaption>
    </figure>


    <h4><a href="http://myhometenerife.com/es/property/al-147-studio-apartment-in-los-cristianos/">[AL-147] Estudio En Los Cristianos &#8211; ALQUILADO</a></h4>
    <p>Se alquila apartamento de una habitación, compuesto por salón,&hellip; <a class="more-details" href="http://myhometenerife.com/es/property/al-147-studio-apartment-in-los-cristianos/">Más detalles<i class="fa fa-caret-right"></i></a></p>
    </article><article class="property-item clearfix">

    <figure>
        <a href="http://myhometenerife.com/es/property/las-america-piso-en-alquiler/">
            <img loading="lazy" decoding="async" width="246" height="162" src="http://myhometenerife.com/wp-content/uploads/2017/03/IMG-20160908-WA0004-246x162.jpg" class="attachment-grid-view-image size-grid-view-image wp-post-image" alt="" />        </a>

        <figcaption class="in-affitto">Alquiler</figcaption>
    </figure>


    <h4><a href="http://myhometenerife.com/es/property/las-america-piso-en-alquiler/">[AL-M02] Apartamento de 1 dormitorio en Las Américas &#8211; ALQUILADO</a></h4>
    <p>Se alquila apartamento de 1 habitación, salón, cocina, baño&hellip; <a class="more-details" href="http://myhometenerife.com/es/property/las-america-piso-en-alquiler/">Más detalles<i class="fa fa-caret-right"></i></a></p>
    </article></div></div>[/vc_column][/vc_row]</p>
